 222210110221111?
222210110221100
In base 12, what is -b93b420 - -5?
-b93b417
In base 5, what is -10 + 1103231020?
1103231010
In base 13, what is 24 + 12969a8?
12969cc
In base 12, what is -59a360 - -b1?
-59a26b
In base 3, what is 111111111211221210 + -10?
111111111211221200
In base 6, what is -2212421 - -504?
-2211513
In base 15, what is -16a + 2084?
1e19
In base 3, what is -10200211202221121 - -22?
-10200211202221022
In base 3, what is 1110022022 - 1201000?
1101121022
In base 13, what is -2b0433 + 2?
-2b0431
In base 11, what is -4747 - -44?
-4703
In base 5, what is -30 - -3043121003?
3043120423
In base 6, what is -3454543 - -3051?
-3451452
In base 7, what is 2124 + -1403?
421
In base 10, what is 9 + -5777533?
-5777524
In base 11, what is 617403 - -605?
617a08
In base 3, what is -212111 - 1010210222?
-1011200110
In base 6, what is 423140 + 21052?
444232
In base 16, what is -94c2 - 9?
-94cb
In base 10, what is 10986 - -1010?
11996
In base 14, what is -54 - 61b6d5?
-61b749
In base 8, what is 24 + -35625045?
-35625021
In base 6, what is 411210 - 11242?
355524
In base 12, what is -a9a4 + -1561?
-10345
In base 8, what is 104 + -5203760?
-5203654
In base 11, what is 32 + -794758?
-794726
In base 2, what is 111 + 110000010011000011111101011?
110000010011000011111110010
In base 6, what is -3350042 + -5?
-3350051
In base 8, what is -664051470 - 14?
-664051504
In base 13, what is -13b3ac + 76?
-13b336
In base 3, what is -2110 - 2002022200200?
-2002022210010
In base 12, what is -1 + 318b875?
318b874
In base 12, what is 15298 - 827?
14671
In base 4, what is -210130121122 - -30?
-210130121032
In base 13, what is 441 - 4525?
-40b4
In base 14, what is -6d - -b0bc10?
b0bb81
In base 13, what is -c09 + 88155?
87249
In base 2, what is -100 + -1111011101011011000011?
-1111011101011011000111
In base 5, what is -3201202442 + 30?
-3201202412
In base 10, what is -24132 + 1584?
-22548
In base 9, what is -45132410 - -17?
-45132382
In base 9, what is 2 + 3104162?
3104164
In base 14, what is 5 - 6d4b63?
-6d4b5c
In base 3, what is -101 - 2102001000012?
-2102001000120
In base 2, what is 1 - 10001010100111101?
-10001010100111100
In base 4, what is -12121103031200 - 13?
-12121103031213
In base 4, what is -130311022223 - -1?
-130311022222
In base 16, what is -15 + -1c0811?
-1c0826
In base 11, what is -174655419 - 1?
-17465541a
In base 13, what is -67 + 91658?
915c1
In base 12, what is 4 - -a1367?
a136b
In base 12, what is -8277b9 + -5b?
-827858
In base 2, what is -100001110101010 - -10011101011?
-11111010111111
In base 13, what is -9a578 - -cb?
-9a47a
In base 4, what is -1 - -2132112013?
2132112012
In base 4, what is -12002312 - 331?
-12003303
In base 4, what is -3020123011310 + 3?
-3020123011301
In base 6, what is -220 + 214052015?
214051355
In base 9, what is -3304 - 10678?
-14083
In base 2, what is -1000011100000010110 - 101?
-1000011100000011011
In base 15, what is -b57 + 16e39?
162d2
In base 4, what is 1132130113 - -222?
1132131001
In base 7, what is -3 - -3621255016?
3621255013
In base 5, what is 4320400332 + 4?
4320400341
In base 2, what is 1100110110010100111101101101 + -100?
1100110110010100111101101001
In base 5, what is -221401 + -403333?
-1130234
In base 8, what is -571150072 - 7?
-571150101
In base 13, what is 94 - -262833?
2628c7
In base 8, what is 273353310 - 7?
273353301
In base 12, what is 54737 - -184?
548bb
In base 15, what is b807c + -15?
b8067
In base 11, what is -2a1740 - 1aa?
-2a193a
In base 7, what is 161462 - 1651?
156511
In base 9, what is 535 - -1334102?
1334637
In base 16, what is 0 - 270ee?
-270ee
In base 8, what is -2 - 247547526?
-247547530
In base 11, what is -7 - -13932497?
13932490
In base 14, what is 1a816 - 73?
1a783
In base 11, what is 5 - -1860330a?
18603314
In base 2, what is 11001 - -10010110011101001100100111?
10010110011101001101000000
In base 9, what is -7104670 + -2?
-7104672
In base 5, what is -12330 - 1233430?
-1301310
In base 7, what is -1114163150 + -1?
-1114163151
In base 7, what is 144510560 - -14?
144510604
In base 12, what is -5a54189 + 24?
-5a54165
In base 6, what is 230502 + -145021?
41441
In base 7, what is -32423162444 - 0?
-32423162444
In base 2, what is -111000100111101 - -100111010000?
-110011101101101
In base 9, what is -2 + 28172730?
28172727
In base 14, what is 2 + -15319abb?
-15319ab9
In base 13, what is -493b - 206?
-4b44
In base 5, what is -30 - -120303?
120223
In base 6, what is -1513512 - 10200?
-1524112
In base 7, what is 12634560 - 22?
12634535
In base 13, what is -c55abb - 1?
-c55abc
In base 12, what is 46586 - -29?
465b3
In base 11, what is 59 + -2906878?
-290681a
In base 4, what is -23102112321 + -11?
-23102112332
In base 16, what is 0 + -1df3f9?
-1df3f9
In base 15, what is -4 + 65bdce?
65bdca
In base 15, what is 4 - 930143?
-93013e
In base 7, what is 152246435 + -10?
152246425
In base 6, what is 441525432 - 114?
441525314
In base 5, what is 2034041232 + 213?
2034042000
In base 11, what is 5442 - 13a9?
4044
In base 4, what is -1133211021211 + -3?
-1133211021220
In base 14, what is -2 - -9c871dc?
9c871da
In base 8, what is -237243017 - -3?
-237243014
In base 7, what is -466314 - 143?
-466460
In base 8, what is 3 + -10214304?
-10214301
In base 16, what is -56ba4 - -d4?
-56ad0
In base 5, what is 23213001 - 422?
23212024
In base 10, what is -1 - -153158405?
153158404
In base 14, what is 8632 + -1511?
7121
In base 15, what is -12c + 1530d4?
152ea7
In base 3, what is -10021012 - -2020001?
-1001011
In base 15, what is -259 - 4e4b?
-51a5
In base 4, what is -1111 + -100002320?
-100010031
In base 9, what is -185007 - -354?
-184543
In base 9, what is -20418 - 52151?
-72570
In base 9, what is 1411 + -481800?
-480378
In base 8, what is -360674215 + 2?
-360674213
In base 15, what is -2bdd5b37 + 0?
-2bdd5b37
In base 11, what is 1a3768005 - -4?
1a3768009
In base 10, what is 68446 + -2454?
65992
In base 12, what is -2913 + -376b?
-6482
In base 4, what is 10 + 3100320002?
3100320012
In base 12, what is -7b838a1 - 2?
-7b838a3
In base 3, what is -2210 - 1011000211220?
-1011000221200
In base 8, what is -2 - 14473064?
-14473066
In base 7, what is -24006150 + 33?
-24006114
In base 12, what is -53b + -230845?
-231184
In base 15, what is 39 - -13c4e7?
13c531
In base 3, what is -1 - -12022202021212010?
12022202021212002
In base 14, what is -1b7aa - 301?
-1baab
In base 3, what is 112220000 + -101000212?
11212011
In base 4, what is 0 + 1330131221000?
1330131221000
In base 11, what is -9410 - 1774?
-10084
In base 10, what is 22918 - 2424?
20494
In base 6, what is -11 + 42521044?
42521033
In base 3, what is 102 - 21111002211201?
-21111002211022
In base 7, what is 105515556 - -5?
105515564
In base 5, what is 432433140 - 2?
432433133
In base 5, what is 3 - 1220040101?
-1220040043
In base 6, what is -12 - 5144032035?
-5144032051
In base 14, what is -7 - 101087?
-101090
In base 15, what is 2960 - -8d?
29ed
In base 6, what is 2 + 14545411111?
14545411113
In base 16, what is -9 - -81eb77?
81eb6e
In base 4, what is -23 - -3210100312?
3210100223
In base 11, what is -6 + 309a3a?
309a34
In base 8, what is 26311 + 615?
27126
In base 13, what is a4533 + 617?
a4b4a
In base 2, what is -1011100100110100100 - -1110000?
-1011100100100110100
In base 7, what is -1210 - 160144?
-161354
In base 14, what is -9aad6 - 85?
-9ab7b
In base 4, what is 112202223201131 + 2?
112202223201133
In base 13, what is 118 + -2492c2?
-2491a7
In base 3, what is -121 - 2122100001010220?
-2122100001011111
In base 7, what is -431233 - -2520?
-425413
In base 3, what is -2222220011 + 12002?
-2222201002
In base 3, what is 210022 - 102220110011?
-102212122212
In base 11, what is -95 - 30816a6?
-3081790
In base 14, what is -b7 - -176309?
176232
In base 12, what is 1a17 + -25a?
1779
In base 10, what is 2084024 + -77?
2083947
In base 8, what is -16 + -3717747?
-3717765
In base 13, what is b83a30 - 17?
b83a16
In base 9, what is -1286886 + -58?
-1287055
In base 2, what is 1011100 - -1111100010110011010?
1111100010111110110
In base 4, what is 1010002333212 + -1?
1010002333211
In base 11, what is -66a840 - 621?
-670361
In base 15, what is -33241be - -5?
-33241b9
In base 14, what is -4d - -20ad42?
20acd3
In base 13, what is -1cca - 3099?
-5096
In base 16, what is -292 + 12f3?
1061
In 